factors of 4738409.
13, 389, 937
List the prime factors of 544331.
19, 28649
What are the prime factors of 194149?
194149
What are the prime factors of 23168860?
2, 5, 11, 13, 8101
What are the prime factors of 6204633?
3, 2068211
What are the prime factors of 18555766?
2, 29, 319927
List the prime factors of 8015039.
8015039
List the prime factors of 358685.
5, 23, 3119
List the prime factors of 1808454.
2, 3, 301409
What are the prime factors of 2202691?
1103, 1997
List the prime factors of 1821679.
1821679
List the prime factors of 96444.
2, 3, 19, 47
List the prime factors of 15581124.
2, 3, 13, 197
What are the prime factors of 9212175?
3, 5, 7, 5849
What are the prime factors of 11382215?
5, 13, 41, 4271
List the prime factors of 172929.
3, 59, 977
List the prime factors of 213823.
37, 5779
List the prime factors of 318724.
2, 7, 11383
List the prime factors of 6827705.
5, 521, 2621
List the prime factors of 7466668.
2, 11, 15427
What are the prime factors of 4196092?
2, 1049023
What are the prime factors of 7392742?
2, 7, 528053
What are the prime factors of 152843?
152843
What are the prime factors of 653265?
3, 5, 1613
List the prime factors of 614597.
29, 21193
What are the prime factors of 10941219?
3, 41, 149, 199
List the prime factors of 2811618.
2, 3, 52067
List the prime factors of 2503274.
2, 23, 54419
What are the prime factors of 12006206?
2, 709, 8467
What are the prime factors of 2286760?
2, 5, 7, 8167
List the prime factors of 628536.
2, 3, 26189
List the prime factors of 178487.
178487
List the prime factors of 1662691.
149, 11159
What are the prime factors of 4594608?
2, 3, 31907
What are the prime factors of 348380?
2, 5, 17419
What are the prime factors of 14396?
2, 59, 61
List the prime factors of 908096.
2, 7, 2027
List the prime factors of 363893.
167, 2179
What are the prime factors of 756068?
2, 189017
What are the prime factors of 117570?
2, 3, 5, 3919
What are the prime factors of 17451912?
2, 3, 83, 8761
List the prime factors of 9469986.
2, 3, 17, 227, 409
What are the prime factors of 387760?
2, 5, 37, 131
List the prime factors of 12900077.
12900077
What are the prime factors of 8542085?
5, 23, 74279
List the prime factors of 1673845.
5, 31, 10799
What are the prime factors of 24921950?
2, 5, 498439
List the prime factors of 1099884.
2, 3, 151, 607
List the prime factors of 1280563.
439, 2917
What are the prime factors of 2073045?
3, 5, 13, 10631
List the prime factors of 71202.
2, 3, 11867
List the prime factors of 62425.
5, 11, 227
What are the prime factors of 660907?
13, 50839
What are the prime factors of 2175833?
11, 197803
What are the prime factors of 3766449?
3, 331, 3793
What are the prime factors of 1853368?
2, 11, 21061
What are the prime factors of 133981?
133981
What are the prime factors of 84405?
3, 5, 17, 331
List the prime factors of 18453748.
2, 4613437
What are the prime factors of 46395?
3, 5, 1031
List the prime factors of 143538.
2, 3, 47, 509
List the prime factors of 5783708.
2, 7, 67, 3083
What are the prime factors of 4993287?
3, 13, 128033
List the prime factors of 210352.
2, 13147
What are the prime factors of 8282723?
17, 487219
What are the prime factors of 212488?
2, 26561
List the prime factors of 362518.
2, 13, 73, 191
List the prime factors of 327266.
2, 163633
What are the prime factors of 12296347?
7, 983, 1787
List the prime factors of 12038432.
2, 7, 223, 241
What are the prime factors of 77037?
3, 25679
List the prime factors of 697092.
2, 3, 11, 5281
List the prime factors of 1712238.
2, 3, 11, 25943
What are the prime factors of 15909331?
17, 935843
List the prime factors of 16242083.
11, 13, 8737
What are the prime factors of 6593370?
2, 3, 5, 7, 31397
List the prime factors of 250523.
7, 13, 2753
What are the prime factors of 999380?
2, 5, 107, 467
What are the prime factors of 15225916?
2, 19, 200341
List the prime factors of 1165316.
2, 17, 17137
List the prime factors of 3237443.
11, 294313
List the prime factors of 208110.
2, 3, 5, 7, 991
What are the prime factors of 12095909?
7, 1727987
List the prime factors of 499249.
433, 1153
List the prime factors of 8801112.
2, 3, 366713
List the prime factors of 3295090.
2, 5, 43, 79, 97
List the prime factors of 6385771.
7, 29, 83, 379
List the prime factors of 417777.
3, 157, 887
List the prime factors of 8533259.
7, 937, 1301
What are the prime factors of 90816?
2, 3, 11, 43
List the prime factors of 19603027.
19603027
List the prime factors of 12556054.
2, 7, 31, 4133
What are the prime factors of 249239?
41, 6079
What are the prime factors of 814844?
2, 17, 23, 521
List the prime factors of 16335211.
2437, 6703
What are the prime factors of 64206?
2, 3, 29, 41
What are the prime factors of 955675?
5, 7, 43, 127
List the prime factors of 25397555.
5, 5079511
What are the prime factors of 69769?
7, 9967
List the prime factors of 153597.
3, 51199
What are the prime factors of 12277854?
2, 3, 769, 887
List the prime factors of 10100509.
587, 17207
What are the prime factors of 314212?
2, 78553
List the prime factors of 754016.
2, 23563
List the prime factors of 5339071.
17, 314063
What are the prime factors of 165002?
2, 17, 23, 211
List the prime factors of 41699454.
2, 3, 6949909
What are the prime factors of 21449851?
21449851
List the prime factors of 3283296.
2, 3, 23, 1487
List the prime factors of 3731569.
383, 9743
What are the prime factors of 2901317?
2901317
What are the prime factors of 712643?
331, 2153
What are the prime factors of 1292045?
5, 79, 3271
What are the prime factors of 10006474?
2, 101, 49537
List the prime factors of 1570701.
3, 11, 4327
List the prime factors of 2104868.
2, 23, 137, 167
List the prime factors of 11036579.
149, 74071
What are the prime factors of 656456?
2, 31, 2647
What are the prime factors of 229386?
2, 3, 38231
What are the prime factors of 335294?
2, 23, 37, 197
What are the prime factors of 98929?
98929
List the prime factors of 6917821.
6917821
List the prime factors of 604258.
2, 41, 7369
List the prime factors of 1251887.
7, 13, 13757
List the prime factors of 9754658.
2, 83, 58763
What are the prime factors of 8680879?
997, 8707
What are the prime factors of 320401?
320401
List the prime factors of 525444.
2, 3, 43787
What are the prime factors of 6298005?
3, 5, 7, 59981
What are the prime factors of 1000241?
11, 90931
List the prime factors of 36718.
2, 11, 1669
List the prime factors of 243416.
2, 30427
What are the prime factors of 99497?
99497
List the prime factors of 2742378.
2, 3, 191, 2393
List the prime factors of 89109.
3, 9901
What are the prime factors of 190041?
3, 63347
What are the prime factors of 1462192?
2, 91387
What are the prime factors of 12777?
3, 4259
List the prime factors of 1018289.
53, 19213
List the prime factors of 129936.
2, 3, 2707
What are the prime factors of 839681?
17, 49393
List the prime factors of 143265.
3, 5, 9551
What are the prime factors of 185710?
2, 5, 7, 379
List the prime factors of 8967106.
2, 89, 50377
What are the prime factors of 99421?
7, 2029
What are the prime factors of 5426856?
2, 3, 19, 3967
List the prime factors of 6033608.
2, 7, 163, 661
What are the prime factors of 6674468?
2, 1668617
What are the prime factors of 178133?
53, 3361
What are the prime factors of 469318?
2, 234659
List the prime factors of 5965623.
3, 17, 41, 317
List the prime factors of 2253639.
3, 17, 44189
List the prime factors of 2195818.
2, 1097909
What are the prime factors of 407400?
2, 3, 5, 7, 97
What are the prime factors of 2646686?
2, 7, 113, 239
List the prime factors of 1968516.
2, 3, 11, 1657
List the prime factors of 1644932.
2, 411233
List the prime factors of 341382.
2, 3, 56897
What are the prime factors of 10109749?
13, 163, 367
List the prime factors of 5214969.
3, 193147
List the prime factors of 2015148.
2, 3, 307, 547
What are the prime factors of 5564443?
271, 20533
List the prime factors of 25704841.
43, 53, 11279
List the prime factors of 20854039.
19, 683, 1607
List the prime factors of 13334477.
13, 17, 60337
List the prime factors of 111367.
17, 6551
What are the prime factors of 228525?
3, 5, 11, 277
List the prime factors of 144673.
199, 727
What are the prime factors of 55650?
2, 3, 5, 7, 53
What a